-21. Suppose -135 = -2*c - t, c - 85 = t - f*t. Suppose -61 = -5*l + 49. What is the remainder when c is divided by l?
21
Suppose -9 = -11*k + 10*k. Let h(v) = 2*v**3 + 2*v**2 - 3*v - 2. Let r be h(-2). What is the remainder when 29 is divided by 137/k - r/(-18)?
14
Suppose 3418 = 11*y - 1884. Calculate the remainder when y is divided by 23.
22
Calculate the remainder when 233 is divided by 17/(-2)*(-7 + 7 - 2).
12
Let b(i) = i**3 + 12*i**2 + 10*i - 4. Let q be b(-11). Suppose -4*c - q = 13. Calculate the remainder when (48 - 1) + c + 4 is divided by 16.
14
Let q = 35 - 26. Calculate the remainder when 2/6 + 123/q is divided by 4.
2
Let v(f) = 2*f**2 - 25*f - 52. Calculate the remainder when 29 is divided by v(-2).
5
Suppose -2120 = -6*v - 1340. Calculate the remainder when 647 is divided by v.
127
Let f = -17 + 37. Suppose 189 = -11*l + 30*l - 533. What is the remainder when l is divided by f?
18
Let x = 33 - 2. Suppose -5*k - 155 = -10*k - 2*r, k - x = -3*r. Calculate the remainder when 123 is divided by k.
30
Suppose 0 = 43*i - 49*i + 144. Calculate the remainder when i is divided by 9.
6
Let a(f) = -3*f**3 - 65*f**2 + 26*f + 98. What is the remainder when 43 is divided by a(-22)?
3
Let j(l) = 19*l + 47. Let f be j(-8). Let u = f - -118. What is the remainder when 29 is divided by u?
3
Let p(z) = 52 + 2*z - 10 + 15. Calculate the remainder when p(-14) is divided by 18.
11
Let l be (48/(-56))/((-1)/7). Suppose 5 = l*o - 55. Calculate the remainder when 48 is divided by o.
8
Let i = -32 + 45. Let d(j) = -j**3 - 14*j**2 + 15*j + 2. Let y be d(-15). Let g = i + y. Calculate the remainder when 59 is divided by g.
14
Let g = -642 + 1285. What is the remainder when g is divided by 43?
41
Let t(q) = q**3 + 2*q**2 + 3*q + 17. What is the remainder when t(0) is divided by 4?
1
Let b(c) = 22*c**3 + 1. Let v(s) = -s**3 + 5*s**2 - 3*s + 5. Let f be v(4). Let m = 15 - f. Calculate the remainder when b(1) is divided by m.
5
What is the remainder when 19 is divided by 1*-2 - (-1 + -13)?
7
Let g be (-20)/8 - (-5)/(-10). Let h = 1 + 1. Calculate the remainder when g + (h*57)/3 is divided by 18.
17
Suppose -a - 1 = 1, 2 = 3*q - a. Suppose k - 133 = -q*k. Calculate the remainder when k is divided by 45.
43
Let a = -10 - -12. Let f = a + -10. What is the remainder when 77 is divided by (-1 - 24)*f/10?
17
Let o(a) = -7*a**3 + 6*a**2 + 6*a + 1. Calculate the remainder when 11 is divided by o(-1).
3
Let k be (-3)/(-6) - (-46)/(-4). Let a = 18 + k. Calculate the remainder when 1690/35 - 2/a is divided by 25.
23
Suppose 4*f - 2*n - 138 = 292, 2*f - 221 = -5*n. What is the remainder when f is divided by 10?
8
Suppose -12 = w + 2*w. Let k be w/(-1)*6/12. What is the remainder when 91 is divided by (20/12 - k)*-93?
29
Suppose 0 = -15*t + 9*t - 12. Calculate the remainder when 52 is divided by 0 + -3 - (t + -12).
8
Suppose 9*z + 24 = 12*z. Suppose -21*m + 430 = -16*m. What is the remainder when m is divided by z?
6
Suppose 0 = -3*s + 15 + 102. Let r = s - 36. What is the remainder when 4 is divided by r?
1
Suppose 17*g + 56 = 18*g. Let f = 66 - g. What is the remainder when 47 is divided by f?
7
Let g be 6*(-55)/30*-2. Suppose 4*j - g = 3*j. What is the remainder when 40 is divided by j?
18
Calculate the remainder when 40 is divided by (41/246)/(2/132).
7
Let i = 1 + 2. Suppose -26 = -5*n - 6*y + i*y, -3*n + 14 = y. Suppose 170 = -2*q + n*q. Calculate the remainder when q is divided by 29.
27
Let l(n) = n**3 - 19*n**2 + 19*n - 9. Suppose 1 = v - 17. Calculate the remainder when l(v) is divided by 4.
1
Suppose -9 - 9 = -2*d. Suppose h = -2*s - 0*h - 15, -h = 4*s + 27. What is the remainder when d is divided by ((-1)/(4/(-6)))/(s/(-12))?
0
Suppose 5*a + 60 = -a. What is the remainder when a/(-15) + 1*(-687)/(-9) is divided by 26?
25
Suppose -52 = -13*x - 0*x. Calculate the remainder when -1*(-8)/(-4)*-7 is divided by x.
2
Let y(m) = m**3 + 8*m**2 - 5*m - 67. Calculate the remainder when 29 is divided by y(-7).
12
Let p(j) = -279*j - 9. Let i(l) = 28*l + 1. Let d(t) = 42*i(t) + 4*p(t). Calculate the remainder when d(2) is divided by 32.
30
Let m(n) = n**3 + 42*n**2 - 93*n - 54. Calculate the remainder when m(-44) is divided by 42.
40
Let a(q) be the first derivative of q**4/4 + q**3/3 - 3*q**2 + 6*q + 9. Calculate the remainder when a(3) is divided by 9.
6
Let g = 44 + 61. What is the remainder when g is divided by 18?
15
Suppose -2*y + a + 142 = 0, 5*y - 2*a - 212 = 144. Calculate the remainder when y is divided by (-1)/(93/(-45) - -2).
12
Suppose 0 = 2*i + 3*v - 25, -8 = i - 5*v + 12. Suppose -z - i*b = -18, 3*z - 26 = 3*b + 10. Calculate the remainder when 30 is divided by z.
4
Let j(y) = y**2 + 42*y - 461. What is the remainder when 850 is divided by j(11)?
118
Suppose -5*w - 4*z = -0*z - 2301, 5*w = 4*z + 2269. What is the remainder when w is divided by 51?
49
Let x = -926 - -961. What is the remainder when 234 is divided by x?
24
Suppose 4*b = 9*b. Suppose 0 = -4*t + 60 - b. Calculate the remainder when 41 is divided by t.
11
Let t(q) = q**2 - 9*q + 37. What is the remainder when 182 is divided by t(7)?
21
Calculate the remainder when ((-365)/365)/((-255)/254 - -1) is divided by 17.
16
Let u = 30 - 13. Let l = 1577 + -1573. What is the remainder when u is divided by l?
1
Let p be (1*190 + -2)/1. What is the remainder when (-3 + 4)/(2/34) is divided by (-4)/18 + p/36?
2
Suppose -11 = 4*g + 1. Calculate the remainder when 65 is divided by -4 + (g - 0)*-7.
14
Let w be (-5)/(10/(-46)) - 4. Let b = 30 + w. Calculate the remainder when b is divided by 13.
10
Suppose -2*s = 3*g - 28, -s + 3*s - 12 = 5*g. Let t(a) = 7 + 5 + 2*a - 2*a - a. Calculate the remainder when s is divided by t(9).
2
Let c(z) = -z**3 - 25*z**2 + 203*z + 61. Calculate the remainder when c(-33) is divided by 83.
82
Let c(v) = 70*v - 40. Calculate the remainder when 203 is divided by c(2).
3
Let n(l) = 36 + 8*l - l - 8*l. What is the remainder when 77 is divided by n(-5)?
36
Let i(f) = 7*f + 1. Suppose -3*p + 7 = -2*p. Calculate the remainder when i(p) is divided by 13.
11
Let m(b) = -b**3 + 7*b**2 - 4*b - 6. Calculate the remainder when ((-4)/5)/((-8347)/595 - -14) is divided by m(6).
4
Suppose -4*s = -3*s + 2. Let j be (-2)/(6/(-3)) - s. Suppose 70 = j*r + 2*r. Calculate the remainder when 39 is divided by r.
11
Let x(o) = -o**3 - 17*o**2 + 42*o + 109. Calculate the remainder when 132 is divided by x(-19).
0
Let v be (-6)/(-21) - (-48)/28. Suppose -v*u = -380 - 236. Suppose 3*r - u = -r. Calculate the remainder when r is divided by 26.
25
Let v(o) = -2*o**3 - 11*o**2 - 2*o + 12. Calculate the remainder when v(-6) is divided by 23.
14
Suppose 0 = -2*q + 3 - 9, -4*q = j + 3. Calculate the remainder when 48 is divided by j.
3
Let a(p) = -80*p**3 - 2*p**2 - p. Let c be a(-1). Suppose -c = -7*v + 68. What is the remainder when 83 is divided by v?
20
Let k = -26 - -36. Let h be (3/6)/1*k. Suppose 2*q - h = 3, q + 36 = 5*u. Calculate the remainder when 31 is divided by u.
7
Let q = -8 - -12. Suppose -r - q = 5. Let o = 0 - r. Calculate the remainder when 24 is divided by o.
6
Let l = -25 - -97. Suppose x + l = 4*x. What is the remainder when x is divided by (-2 - -12) + 25/(-25)?
6
Suppose 0*b - b = -19. Suppose 3*p - 7*m - 161 = -5*m, -5*p + 2*m + 271 = 0. What is the remainder when p is divided by b?
17
Let c = -4926 - -5019. Suppose 2*o + 4*q - 51 = 19, 4*o = 4*q + 92. Calculate the remainder when c is divided by o.
12
Suppose 0 = 4*n - 4*x - 479 + 187, 0 = -3*n - 5*x + 211. Suppose -217*z - n = -220*z. Calculate the remainder when 95 is divided by z.
23
What is the remainder when (-363)/(-13) - (-69)/897 is divided by 6?
4
Let n(i) = 3*i**2 - 36*i + 59. Let j = -52 - -77. Suppose -b = -4*a - j + 83, -4*b = -4*a + 64. What is the remainder when n(11) is divided by a?
12
Calculate the remainder when 186/(-465) + 754/10 is divided by 4.
3
Suppose 6*m = -2*h + 1630, 7*h + 277 = m + 2*h. What is the remainder when m is divided by 39?
38
Let w(h) = 2*h**2 + 5*h - 23. Let c be w(-6). Suppose c*t - 10 = 18*t. Suppose 298 = 5*l + 113. What is the remainder when l is divided by t?
7
Suppose 97*b - 161 = 74*b. Calculate the remainder when b is divided by 2.
1
Suppose -4*k + 118 = 3*h, -2*k - 64 = -4*k - 4*h. Le